{"id":144,"date":"2025-12-17T02:06:19","date_gmt":"2025-12-17T08:06:19","guid":{"rendered":"https:\/\/www.isaac-del-toro.mx\/?page_id=144"},"modified":"2025-12-18T05:24:16","modified_gmt":"2025-12-18T11:24:16","slug":"prochaines-courses-isaac-del-toro","status":"publish","type":"page","link":"https:\/\/www.isaac-del-toro.mx\/fr\/prochaines-courses-isaac-del-toro\/","title":{"rendered":"Les prochaines courses d\u2019Isaac del Toro"},"content":{"rendered":"\n<p>Isaac del Toro poursuit sa progression au plus haut niveau du cyclisme professionnel. Retrouvez ci-dessous les prochaines courses de son calendrier, parmi les plus prestigieuses du WorldTour. De l\u2019UAE Tour aux classiques italiennes, chaque \u00e9preuve est une nouvelle occasion de d\u00e9montrer son talent et de repr\u00e9senter le cyclisme mexicain sur la sc\u00e8ne internationale.<\/p>\n\n\n<div class=\"isaac-del-toro-program\" style=\"overflow-x:auto;\"><table border=\"1\" cellpadding=\"5\" cellspacing=\"0\" style=\"border-collapse: collapse; width: 100%; min-width: 300px;\"><thead><tr style=\"background-color:#f2f2f2;\"><th>Date<\/th><th>Course<\/th><th>Cat\u00e9gorie<\/th><\/tr><\/thead><tbody><tr style=\"opacity:0.75;\"><td>16\/02\/2026 \u2013 22\/02\/2026<\/td><td>UAE Tour<\/td><td>2.UWT<\/td><\/tr><tr style=\"opacity:0.75;\"><td>07\/03\/2026<\/td><td>Strade Bianche<\/td><td>1.UWT<\/td><\/tr><tr style=\"opacity:0.75;\"><td>09\/03\/2026 \u2013 15\/03\/2026<\/td><td>Tirreno-Adriatico<\/td><td>2.UWT<\/td><\/tr><tr style=\"opacity:0.75;\"><td>21\/03\/2026<\/td><td>Milano-Sanremo<\/td><td>1.UWT<\/td><\/tr><tr style=\"opacity:0.75;\"><td>06\/04\/2026 \u2013 11\/04\/2026<\/td><td>Itzulia Basque Country<\/td><td>2.UWT<\/td><\/tr><tr style=\"opacity:0.75;\"><td>19\/04\/2026<\/td><td>Amstel Gold Race<\/td><td>1.UWT<\/td><\/tr><tr style=\"opacity:0.75;\"><td>22\/04\/2026<\/td><td>La Fl\u00e8che Wallonne<\/td><td>1.UWT<\/td><\/tr><tr style=\"background:#fff3cd; font-weight:700; border-left:4px solid #ff9800;\"><td>26\/04\/2026<\/td><td>Li\u00e8ge-Bastogne-Li\u00e8ge<\/td><td>1.UWT<\/td><\/tr><tr><td>07\/06\/2026 \u2013 14\/06\/2026<\/td><td>Tour Auvergne - Rh\u00f4ne-Alpes<\/td><td>2.UWT<\/td><\/tr><tr><td>04\/07\/2026 \u2013 26\/07\/2026<\/td><td>Tour de France<\/td><td>2.UWT<\/td><\/tr><\/tbody><\/table><\/div>\n\n\n\n<p><em>Remarque : \u201c2.UWT\u201d d\u00e9signe une course par \u00e9tapes de niveau WorldTour, tandis que \u201c1.UWT\u201d correspond \u00e0 une course d\u2019un jour dans le m\u00eame circuit. Consultez le tableau ci-dessous pour plus d\u2019explications.<\/em><\/p>\n<table>\n  <thead>\n    <tr>\n      <th>Code<\/th>\n      <th>Type<\/th>\n      <th>Description<\/th>\n    <\/tr>\n  <\/thead>\n  <tbody>\n    <tr><td>1.UWT<\/td><td>Course d\u2019un jour \u2013 WorldTour<\/td><td>Classiques comme Strade Bianche ou Milan\u2013San Remo<\/td><\/tr>\n    <tr><td>2.UWT<\/td><td>Course par \u00e9tapes \u2013 WorldTour<\/td><td>Grands Tours comme le Tour de France<\/td><\/tr>\n    <tr><td>1.Pro<\/td><td>Course d\u2019un jour \u2013 ProSeries<\/td><td>Courses de haut niveau juste en dessous du WorldTour<\/td><\/tr>\n    <tr><td>2.Pro<\/td><td>Course par \u00e9tapes \u2013 ProSeries<\/td><td>\u00c9preuves avec WorldTeams et ProTeams<\/td><\/tr>\n    <tr><td>1.1 \/ 2.1<\/td><td>Cat\u00e9gorie UCI 1<\/td><td>Courses nationales ou internationales avec \u00e9quipes pros<\/td><\/tr>\n    <tr><td>1.2 \/ 2.2<\/td><td>Cat\u00e9gorie UCI 2<\/td><td>\u00c9preuves r\u00e9gionales pour \u00e9quipes continentales et jeunes<\/td><\/tr>\n  <\/tbody>\n<\/table>\n\n","protected":false},"excerpt":{"rendered":"<p>Isaac del Toro poursuit sa progression au plus haut niveau du cyclisme professionnel. Retrouvez ci-dessous les prochaines courses de son [&hellip;]<\/p>\n","protected":false},"author":1,"featured_media":0,"parent":0,"menu_order":0,"comment_status":"closed","ping_status":"closed","template":"","meta":{"footnotes":""},"class_list":["post-144","page","type-page","status-publish","hentry"],"yoast_head":"<!-- This site is optimized with the Yoast SEO plugin v27.1.1 - https:\/\/yoast.com\/product\/yoast-seo-wordpress\/ -->\n<title>Isaac del Toro \ud83d\udeb4\ud83c\uddf2\ud83c\uddfd \u2013 Prochaines courses<\/title>\n<meta name=\"description\" content=\"D\u00e9couvrez les prochaines courses d\u2019Isaac del Toro sur le calendrier UCI. Tous les rendez-vous \u00e0 suivre !\" \/>\n<meta name=\"robots\" content=\"index, follow, max-snippet:-1, max-image-preview:large, max-video-preview:-1\" \/>\n<link rel=\"canonical\" href=\"https:\/\/www.isaac-del-toro.mx\/fr\/prochaines-courses-isaac-del-toro\/\" \/>\n<meta property=\"og:locale\" content=\"fr_FR\" \/>\n<meta property=\"og:type\" content=\"article\" \/>\n<meta property=\"og:title\" content=\"Isaac del Toro \ud83d\udeb4\ud83c\uddf2\ud83c\uddfd \u2013 Prochaines courses\" \/>\n<meta property=\"og:description\" content=\"D\u00e9couvrez les prochaines courses d\u2019Isaac del Toro sur le calendrier UCI. Tous les rendez-vous \u00e0 suivre !\" \/>\n<meta property=\"og:url\" content=\"https:\/\/www.isaac-del-toro.mx\/fr\/prochaines-courses-isaac-del-toro\/\" \/>\n<meta property=\"og:site_name\" content=\"Isaac del Toro Romero\" \/>\n<meta property=\"article:modified_time\" content=\"2025-12-18T11:24:16+00:00\" \/>\n<meta name=\"twitter:card\" content=\"summary_large_image\" \/>\n<meta name=\"twitter:label1\" content=\"Dur\u00e9e de lecture estim\u00e9e\" \/>\n\t<meta name=\"twitter:data1\" content=\"1 minute\" \/>\n<script type=\"application\/ld+json\" class=\"yoast-schema-graph\">{\"@context\":\"https:\/\/schema.org\",\"@graph\":[{\"@type\":\"WebPage\",\"@id\":\"https:\/\/www.isaac-del-toro.mx\/fr\/prochaines-courses-isaac-del-toro\/\",\"url\":\"https:\/\/www.isaac-del-toro.mx\/fr\/prochaines-courses-isaac-del-toro\/\",\"name\":\"Isaac del Toro \ud83d\udeb4\ud83c\uddf2\ud83c\uddfd \u2013 Prochaines courses\",\"isPartOf\":{\"@id\":\"https:\/\/www.isaac-del-toro.mx\/fr\/#website\"},\"datePublished\":\"2025-12-17T08:06:19+00:00\",\"dateModified\":\"2025-12-18T11:24:16+00:00\",\"description\":\"D\u00e9couvrez les prochaines courses d\u2019Isaac del Toro sur le calendrier UCI. Tous les rendez-vous \u00e0 suivre !\",\"breadcrumb\":{\"@id\":\"https:\/\/www.isaac-del-toro.mx\/fr\/prochaines-courses-isaac-del-toro\/#breadcrumb\"},\"inLanguage\":\"fr-FR\",\"potentialAction\":[{\"@type\":\"ReadAction\",\"target\":[\"https:\/\/www.isaac-del-toro.mx\/fr\/prochaines-courses-isaac-del-toro\/\"]}]},{\"@type\":\"BreadcrumbList\",\"@id\":\"https:\/\/www.isaac-del-toro.mx\/fr\/prochaines-courses-isaac-del-toro\/#breadcrumb\",\"itemListElement\":[{\"@type\":\"ListItem\",\"position\":1,\"name\":\"Start\",\"item\":\"https:\/\/www.isaac-del-toro.mx\/fr\/\"},{\"@type\":\"ListItem\",\"position\":2,\"name\":\"Les prochaines courses d\u2019Isaac del Toro\"}]},{\"@type\":\"WebSite\",\"@id\":\"https:\/\/www.isaac-del-toro.mx\/fr\/#website\",\"url\":\"https:\/\/www.isaac-del-toro.mx\/fr\/\",\"name\":\"Isaac del Toro Romero\",\"description\":\"\",\"publisher\":{\"@id\":\"https:\/\/www.isaac-del-toro.mx\/fr\/#\/schema\/person\/7cbbcf16bd93d1b98eeb4ab7a1fbd7ba\"},\"potentialAction\":[{\"@type\":\"SearchAction\",\"target\":{\"@type\":\"EntryPoint\",\"urlTemplate\":\"https:\/\/www.isaac-del-toro.mx\/fr\/?s={search_term_string}\"},\"query-input\":{\"@type\":\"PropertyValueSpecification\",\"valueRequired\":true,\"valueName\":\"search_term_string\"}}],\"inLanguage\":\"fr-FR\"},{\"@type\":[\"Person\",\"Organization\"],\"@id\":\"https:\/\/www.isaac-del-toro.mx\/fr\/#\/schema\/person\/7cbbcf16bd93d1b98eeb4ab7a1fbd7ba\",\"name\":\"Isaac del Toro Romero\",\"logo\":{\"@id\":\"https:\/\/www.isaac-del-toro.mx\/fr\/#\/schema\/person\/image\/\"}}]}<\/script>\n<!-- \/ Yoast SEO plugin. -->","yoast_head_json":{"title":"Isaac del Toro \ud83d\udeb4\ud83c\uddf2\ud83c\uddfd \u2013 Prochaines courses","description":"D\u00e9couvrez les prochaines courses d\u2019Isaac del Toro sur le calendrier UCI. Tous les rendez-vous \u00e0 suivre !","robots":{"index":"index","follow":"follow","max-snippet":"max-snippet:-1","max-image-preview":"max-image-preview:large","max-video-preview":"max-video-preview:-1"},"canonical":"https:\/\/www.isaac-del-toro.mx\/fr\/prochaines-courses-isaac-del-toro\/","og_locale":"fr_FR","og_type":"article","og_title":"Isaac del Toro \ud83d\udeb4\ud83c\uddf2\ud83c\uddfd \u2013 Prochaines courses","og_description":"D\u00e9couvrez les prochaines courses d\u2019Isaac del Toro sur le calendrier UCI. Tous les rendez-vous \u00e0 suivre !","og_url":"https:\/\/www.isaac-del-toro.mx\/fr\/prochaines-courses-isaac-del-toro\/","og_site_name":"Isaac del Toro Romero","article_modified_time":"2025-12-18T11:24:16+00:00","twitter_card":"summary_large_image","twitter_misc":{"Dur\u00e9e de lecture estim\u00e9e":"1 minute"},"schema":{"@context":"https:\/\/schema.org","@graph":[{"@type":"WebPage","@id":"https:\/\/www.isaac-del-toro.mx\/fr\/prochaines-courses-isaac-del-toro\/","url":"https:\/\/www.isaac-del-toro.mx\/fr\/prochaines-courses-isaac-del-toro\/","name":"Isaac del Toro \ud83d\udeb4\ud83c\uddf2\ud83c\uddfd \u2013 Prochaines courses","isPartOf":{"@id":"https:\/\/www.isaac-del-toro.mx\/fr\/#website"},"datePublished":"2025-12-17T08:06:19+00:00","dateModified":"2025-12-18T11:24:16+00:00","description":"D\u00e9couvrez les prochaines courses d\u2019Isaac del Toro sur le calendrier UCI. Tous les rendez-vous \u00e0 suivre !","breadcrumb":{"@id":"https:\/\/www.isaac-del-toro.mx\/fr\/prochaines-courses-isaac-del-toro\/#breadcrumb"},"inLanguage":"fr-FR","potentialAction":[{"@type":"ReadAction","target":["https:\/\/www.isaac-del-toro.mx\/fr\/prochaines-courses-isaac-del-toro\/"]}]},{"@type":"BreadcrumbList","@id":"https:\/\/www.isaac-del-toro.mx\/fr\/prochaines-courses-isaac-del-toro\/#breadcrumb","itemListElement":[{"@type":"ListItem","position":1,"name":"Start","item":"https:\/\/www.isaac-del-toro.mx\/fr\/"},{"@type":"ListItem","position":2,"name":"Les prochaines courses d\u2019Isaac del Toro"}]},{"@type":"WebSite","@id":"https:\/\/www.isaac-del-toro.mx\/fr\/#website","url":"https:\/\/www.isaac-del-toro.mx\/fr\/","name":"Isaac del Toro Romero","description":"","publisher":{"@id":"https:\/\/www.isaac-del-toro.mx\/fr\/#\/schema\/person\/7cbbcf16bd93d1b98eeb4ab7a1fbd7ba"},"potentialAction":[{"@type":"SearchAction","target":{"@type":"EntryPoint","urlTemplate":"https:\/\/www.isaac-del-toro.mx\/fr\/?s={search_term_string}"},"query-input":{"@type":"PropertyValueSpecification","valueRequired":true,"valueName":"search_term_string"}}],"inLanguage":"fr-FR"},{"@type":["Person","Organization"],"@id":"https:\/\/www.isaac-del-toro.mx\/fr\/#\/schema\/person\/7cbbcf16bd93d1b98eeb4ab7a1fbd7ba","name":"Isaac del Toro Romero","logo":{"@id":"https:\/\/www.isaac-del-toro.mx\/fr\/#\/schema\/person\/image\/"}}]}},"_links":{"self":[{"href":"https:\/\/www.isaac-del-toro.mx\/fr\/wp-json\/wp\/v2\/pages\/144","targetHints":{"allow":["GET"]}}],"collection":[{"href":"https:\/\/www.isaac-del-toro.mx\/fr\/wp-json\/wp\/v2\/pages"}],"about":[{"href":"https:\/\/www.isaac-del-toro.mx\/fr\/wp-json\/wp\/v2\/types\/page"}],"author":[{"embeddable":true,"href":"https:\/\/www.isaac-del-toro.mx\/fr\/wp-json\/wp\/v2\/users\/1"}],"replies":[{"embeddable":true,"href":"https:\/\/www.isaac-del-toro.mx\/fr\/wp-json\/wp\/v2\/comments?post=144"}],"version-history":[{"count":2,"href":"https:\/\/www.isaac-del-toro.mx\/fr\/wp-json\/wp\/v2\/pages\/144\/revisions"}],"predecessor-version":[{"id":160,"href":"https:\/\/www.isaac-del-toro.mx\/fr\/wp-json\/wp\/v2\/pages\/144\/revisions\/160"}],"wp:attachment":[{"href":"https:\/\/www.isaac-del-toro.mx\/fr\/wp-json\/wp\/v2\/media?parent=144"}],"curies":[{"name":"wp","href":"https:\/\/api.w.org\/{rel}","templated":true}]}}

<p>Isaac del Toro poursuit sa progression au plus haut niveau du cyclisme professionnel. Retrouvez ci-dessous les prochaines courses de son calendrier, parmi les plus prestigieuses du WorldTour. De l’UAE Tour aux classiques italiennes, chaque épreuve est une nouvelle occasion de démontrer son talent et de représenter le cyclisme mexicain sur la scène internationale.</p>


<div class="isaac-del-toro-program" style="overflow-x:auto;"><table border="1" cellpadding="5" cellspacing="0" style="border-collapse: collapse; width: 100%; min-width: 300px;"><thead><tr style="background-color:#f2f2f2;"><th>Date</th><th>Course</th><th>Catégorie</th></tr></thead><tbody><tr style="opacity:0.75;"><td>16/02/2026 – 22/02/2026</td><td>UAE Tour</td><td>2.UWT</td></tr><tr style="opacity:0.75;"><td>07/03/2026</td><td>Strade Bianche</td><td>1.UWT</td></tr><tr style="opacity:0.75;"><td>09/03/2026 – 15/03/2026</td><td>Tirreno-Adriatico</td><td>2.UWT</td></tr><tr style="opacity:0.75;"><td>21/03/2026</td><td>Milano-Sanremo</td><td>1.UWT</td></tr><tr style="opacity:0.75;"><td>06/04/2026 – 11/04/2026</td><td>Itzulia Basque Country</td><td>2.UWT</td></tr><tr style="opacity:0.75;"><td>19/04/2026</td><td>Amstel Gold Race</td><td>1.UWT</td></tr><tr style="opacity:0.75;"><td>22/04/2026</td><td>La Flèche Wallonne</td><td>1.UWT</td></tr><tr style="background:#fff3cd; font-weight:700; border-left:4px solid #ff9800;"><td>26/04/2026</td><td>Liège-Bastogne-Liège</td><td>1.UWT</td></tr><tr><td>07/06/2026 – 14/06/2026</td><td>Tour Auvergne - Rhône-Alpes</td><td>2.UWT</td></tr><tr><td>04/07/2026 – 26/07/2026</td><td>Tour de France</td><td>2.UWT</td></tr></tbody></table></div>



<p><em>Remarque : “2.UWT” désigne une course par étapes de niveau WorldTour, tandis que “1.UWT” correspond à une course d’un jour dans le même circuit. Consultez le tableau ci-dessous pour plus d’explications.</em></p>
<table>
  <thead>
    <tr>
      <th>Code</th>
      <th>Type</th>
      <th>Description</th>
    </tr>
  </thead>
  <tbody>
    <tr><td>1.UWT</td><td>Course d’un jour – WorldTour</td><td>Classiques comme Strade Bianche ou Milan–San Remo</td></tr>
    <tr><td>2.UWT</td><td>Course par étapes – WorldTour</td><td>Grands Tours comme le Tour de France</td></tr>
    <tr><td>1.Pro</td><td>Course d’un jour – ProSeries</td><td>Courses de haut niveau juste en dessous du WorldTour</td></tr>
    <tr><td>2.Pro</td><td>Course par étapes – ProSeries</td><td>Épreuves avec WorldTeams et ProTeams</td></tr>
    <tr><td>1.1 / 2.1</td><td>Catégorie UCI 1</td><td>Courses nationales ou internationales avec équipes pros</td></tr>
    <tr><td>1.2 / 2.2</td><td>Catégorie UCI 2</td><td>Épreuves régionales pour équipes continentales et jeunes</td></tr>
  </tbody>
</table>

<!-- This site is optimized with the Yoast SEO plugin v27.1.1 - https://yoast.com/product/yoast-seo-wordpress/ -->
<title>Isaac del Toro 🚴🇲🇽 – Prochaines courses</title>
<meta name="description" content="Découvrez les prochaines courses d’Isaac del Toro sur le calendrier UCI. Tous les rendez-vous à suivre !" />
<meta name="robots" content="index, follow, max-snippet:-1, max-image-preview:large, max-video-preview:-1" />
<link rel="canonical" href="https://www.isaac-del-toro.mx/fr/prochaines-courses-isaac-del-toro/" />
<meta property="og:locale" content="fr_FR" />
<meta property="og:type" content="article" />
<meta property="og:title" content="Isaac del Toro 🚴🇲🇽 – Prochaines courses" />
<meta property="og:description" content="Découvrez les prochaines courses d’Isaac del Toro sur le calendrier UCI. Tous les rendez-vous à suivre !" />
<meta property="og:url" content="https://www.isaac-del-toro.mx/fr/prochaines-courses-isaac-del-toro/" />
<meta property="og:site_name" content="Isaac del Toro Romero" />
<meta property="article:modified_time" content="2025-12-18T11:24:16+00:00" />
<meta name="twitter:card" content="summary_large_image" />
<meta name="twitter:label1" content="Durée de lecture estimée" />
	<meta name="twitter:data1" content="1 minute" />
<script type="application/ld+json" class="yoast-schema-graph">{"@context":"https://schema.org","@graph":[{"@type":"WebPage","@id":"https://www.isaac-del-toro.mx/fr/prochaines-courses-isaac-del-toro/","url":"https://www.isaac-del-toro.mx/fr/prochaines-courses-isaac-del-toro/","name":"Isaac del Toro 🚴🇲🇽 – Prochaines courses","isPartOf":{"@id":"https://www.isaac-del-toro.mx/fr/#website"},"datePublished":"2025-12-17T08:06:19+00:00","dateModified":"2025-12-18T11:24:16+00:00","description":"Découvrez les prochaines courses d’Isaac del Toro sur le calendrier UCI. Tous les rendez-vous à suivre !","breadcrumb":{"@id":"https://www.isaac-del-toro.mx/fr/prochaines-courses-isaac-del-toro/#breadcrumb"},"inLanguage":"fr-FR","potentialAction":[{"@type":"ReadAction","target":["https://www.isaac-del-toro.mx/fr/prochaines-courses-isaac-del-toro/"]}]},{"@type":"BreadcrumbList","@id":"https://www.isaac-del-toro.mx/fr/prochaines-courses-isaac-del-toro/#breadcrumb","itemListElement":[{"@type":"ListItem","position":1,"name":"Start","item":"https://www.isaac-del-toro.mx/fr/"},{"@type":"ListItem","position":2,"name":"Les prochaines courses d’Isaac del Toro"}]},{"@type":"WebSite","@id":"https://www.isaac-del-toro.mx/fr/#website","url":"https://www.isaac-del-toro.mx/fr/","name":"Isaac del Toro Romero","description":"","publisher":{"@id":"https://www.isaac-del-toro.mx/fr/#/schema/person/7cbbcf16bd93d1b98eeb4ab7a1fbd7ba"},"potentialAction":[{"@type":"SearchAction","target":{"@type":"EntryPoint","urlTemplate":"https://www.isaac-del-toro.mx/fr/?s={search_term_string}"},"query-input":{"@type":"PropertyValueSpecification","valueRequired":true,"valueName":"search_term_string"}}],"inLanguage":"fr-FR"},{"@type":["Person","Organization"],"@id":"https://www.isaac-del-toro.mx/fr/#/schema/person/7cbbcf16bd93d1b98eeb4ab7a1fbd7ba","name":"Isaac del Toro Romero","logo":{"@id":"https://www.isaac-del-toro.mx/fr/#/schema/person/image/"}}]}</script>
<!-- / Yoast SEO plugin. -->

Découvrez les prochaines courses d’Isaac del Toro sur le calendrier UCI. Tous les rendez-vous à suivre !
